ivisor of g and 11?
11
Suppose -3*p - 52 = r, -3*p + r = -4*r + 64. Let d = p - -21. Calculate the greatest common factor of d and 1.
1
Let b(u) = 7*u**2 + u. Let m be b(1). Let i = m + -3. Calculate the highest common factor of 5 and i.
5
Suppose t + u = -3*u - 5, 3*t = 2*u - 29. Let m = -7 - t. Let k be (-1)/m - 57/(-6). Calculate the highest common factor of 6 and k.
3
Let u(j) = j - 2. Suppose -5*z + 30 = -5*q, -2*q - 2*q = 2*z - 24. Let w be u(z). Calculate the greatest common divisor of w and 30.
6
Let h = 44 - 14. Calculate the highest common divisor of h and 270.
30
Suppose -4*b + 40 = 4*p, -7*b + 10 = -3*b - 2*p. Suppose i - 60 = -3*q + 6*q, i - 5*q - 70 = 0. Calculate the highest common factor of i and b.
5
Suppose 3*s + 4 = 4*s. Let j be (-2)/(-6) - 258/(-9). Suppose 35 = 4*a - j. What is the greatest common factor of a and s?
4
Let k(h) = -2*h - 15. Let v be k(-12). Calculate the greatest common factor of 3 and v.
3
Suppose s - u - 2*u - 14 = 0, 2*s = u + 18. Calculate the greatest common divisor of s and 88.
8
Suppose 102 + 74 = 4*r. What is the highest common divisor of 4 and r?
4
Let k = 16 + -13. Suppose -5*h + k*g = -0*g - 60, -2*g = 0. Calculate the highest common factor of h and 2.
2
Let v = -6 + 21. Let b(y) = 3*y**2 + 3*y. Let l be b(-2). Suppose -2*n = -l*n + 240. Calculate the greatest common divisor of v and n.
15
Let p = -21 + 12. Let l(j) = -2*j - 11. Let c be l(p). Calculate the highest common factor of c and 49.
7
Suppose -4*h + 5*h - 4 = 0. Suppose h*s - 20 - 4 = 0. Calculate the highest common divisor of s and 42.
6
Suppose 0 = 4*j, d + 3*j = 2*d - 8. What is the greatest common divisor of 64 and d?
8
Let t = -54 - -59. Calculate the greatest common factor of 15 and t.
5
Let v be (-18)/4*((-27 - 2) + 3). Suppose -3*g + 0*i = 3*i - 36, 2*g - 27 = i. What is the highest common factor of v and g?
13
Let c be 26/(-39)*57/(-2). Calculate the highest common divisor of 38 and c.
19
Let w = 3 + 1. Suppose -n = t - 6, 3*n - w = n + 2*t. Suppose 3 = -n*f + 219. What is the highest common factor of f and 6?
6
Suppose -61 - 563 = -3*w. Let f be (w/(-6))/((-2)/15). Suppose -292 = -5*i - 3*v, -5*i - 2*v + 7*v = -f. What is the highest common divisor of i and 7?
7
Suppose 0*s + 200 = 10*s. What is the greatest common divisor of 4 and s?
4
Suppose -12*i + 548 = 68. Calculate the highest common factor of 5 and i.
5
Let q be (-1)/4 + (-2)/(-8). Suppose 2*u - 140 = -q*u. Suppose 4*d + 3*y = -d + 41, 0 = d - 4*y - 22. What is the highest common divisor of d and u?
10
Let g be 10/35 + (-54)/(-7). Calculate the greatest common factor of 72 and g.
8
Let l be (-2)/(-6) + (-16)/(-6). Suppose -5*w = -m - 416, -l*m + 32 = -3*w + 284. Suppose w = 4*v + 23. What is the greatest common divisor of v and 10?
5
Let a(p) = 8*p**2 - 3*p - 4. Let b be a(4). Let q = -33 - -47. Calculate the highest common factor of q and b.
14
Suppose 3*o - 4*d + 4 = 2*o, 5*d - 14 = -o. What is the greatest common divisor of 12 and o?
4
Let c = -116 - -193. Suppose o - 2*o + c = 0. What is the greatest common divisor of 11 and o?
11
Let m = 12 - 10. Suppose -b = 3*b + m*v - 18, 0 = 4*b - v - 21. Calculate the highest common factor of 35 and b.
5
Suppose -2*b = -4*d + 132, b - 125 = -3*d - 16. Let f = 7 + 0. Calculate the highest common factor of d and f.
7
Suppose -21*c + 2*c = -798. What is the greatest common factor of 56 and c?
14
Suppose 3*x + 122 = 2*k - 195, -k - 3*x + 145 = 0. What is the greatest common divisor of 14 and k?
14
Suppose 0 = -3*v - 20 - 10. Let z = v - -19. What is the highest common factor of 72 and z?
9
Let h = -9 - -1. Let a = h + 17. Let c = 1 - -44. Calculate the greatest common divisor of c and a.
9
Let w be 2 + -1 + 25 + -1. Suppose 6*f - 22 = -y + 2*f, y + 5*f - w = 0. Let h = 31 - y. Calculate the greatest common factor of 14 and h.
7
Let b(v) = v**2 - 15*v + 18. Let j be b(14). What is the highest common divisor of 6 and j?
2
Suppose 3*x - x = -o + 144, -2*x - 156 = -o. What is the highest common divisor of o and 30?
30
Suppose 0 = -2*x - 3*j + 3 + 11, 0 = -3*x - 5*j + 20. Let u(h) = 3*h**2 + 2*h + 2. Let l = -2 - 0. Let m be u(l). What is the highest common divisor of x and m?
10
Let d be (-72)/(-2)*(-60)/(-18). Suppose -2*w + 4*p = -22, 5*p = 3*p + 4. Calculate the greatest common factor of w and d.
15
Suppose -167 = -5*n + 3*i, 2*n - 3*i - 64 = i. Calculate the greatest common divisor of n and 17.
17
Suppose -2*s + 0*g + 3*g + 237 = 0, 485 = 4*s + 5*g. Calculate the highest common factor of 15 and s.
15
Suppose 3*j + 46 = 5*l + 6*j, -4*l + 2*j + 28 = 0. Suppose -1 = -f + l. Calculate the highest common factor of 1 and f.
1
Let g(c) = 6*c**2 + c + 1. Let x be g(2). Let v(j) = -9*j - 5 + 5. Let s be v(-1). What is the highest common factor of s and x?
9
Let k be 1/(-3) + (-32)/(-6). Let u = 8 - k. Let v(t) = -t + 4. Let a be v(-5). Calculate the greatest common factor of u and a.
3
Suppose 10 = 2*o, 3*b - 2*o - 57 = 11. Let u = -36 + 49. What is the greatest common factor of b and u?
13
Suppose -25 = -2*x - 1. Calculate the highest common divisor of x and 36.
12
Let c(y) = y**3 - 2*y**2 - 16*y - 8. Let s be c(6). Calculate the highest common factor of 10 and s.
10
Let s be (1 - 8)*(-4 + 3). Let d = s - -1. Calculate the greatest common divisor of d and 8.
8
Let z be (5 - 1)/(3/15). Calculate the greatest common factor of z and 140.
20
Let g(t) = -t**2 - 10*t - 7. Let v be g(-4). Let p(h) = -h + 17. Let z be p(0). Calculate the highest common divisor of z and v.
17
Let a = 5 - -9. Suppose 13 - 5 = -2*b. Let x(j) = -j**3 - 2*j**2 - j - 1. Let t be x(b). What is the highest common factor of t and a?
7
Suppose 4*u - 151 = -3*w, -33 = -4*u - 2*w + 121. What is the highest common divisor of 10 and u?
10
Suppose 8*u - 45 = 3*u. What is the greatest common factor of 9 and u?
9
Let z be 1*(31 - 1 - 3). Suppose 2*j + 6 - 24 = 0. Calculate the greatest common divisor of j and z.
9
Let s = -90 + 110. Calculate the greatest common factor of s and 80.
20
Suppose 4 = r - 132. Let c be 12*((-15)/(-6) - 2). Suppose -h = -2*q + 41 - c, 22 = q - 5*h. What is the greatest common factor of r and q?
17
Let r(c) = -24*c + 2. Let k be (5 + -3 - 6)/1. Let w be r(k). What is the highest common factor of 14 and w?
14
Let g(j) = -j**3 - 8*j**2 + 2*j + 17. Let b be g(-8). What is the highest common divisor of b and 13?
1
Let u = -29 + 49. Calculate the greatest common divisor of u and 5.
5
Suppose -5*j - 9 = -2*c, -3*c = -0*c - 6. Let s be -1 + (44 - (j - 1)). What is the greatest common divisor of 30 and s?
15
Suppose 0*d - 4 = 4*d, -d = 4*a - 987. What is the greatest common divisor of 19 and a?
19
Let d(i) = i**2 - 7*i + 6. Let w(a) = -a**3 + 7*a**2 - a + 1. Let q be w(7). Let c be d(q). What is the greatest common divisor of c and 56?
28
Let t be (5/10)/(2/8). Let z = t + 0. Let k be (-117)/18*z*-1. What is the greatest common divisor of 91 and k?
13
Let z(i) = i**2 - 3*i - 2. Let a be z(4). Suppose 2*g - 4*l - 36 = 0, a*g = 2*l + 16 + 12. Calculate the greatest common factor of g and 30.
10
Let x be (-40)/(-6)*(-3)/2. Let s be (9/3)/((-6)/x). What is the greatest common factor of 10 and s?
5
Suppose 0*h = 4*l - 3*h - 108, 0 = -3*l + 5*h + 70. Calculate the greatest common factor of 45 and l.
15
Let b(f) = -2 + 6 + 2*f - 4*f. Let y be b(-7). Let k(n) = -n**3 + 6*n**2 + 4*n - 3. Let s be k(3). Calculate the greatest common factor of s and y.
18
Let h be (0 + 1)/(4/116). Let k = h + -16. Let q = 27 - k. Calculate the highest common factor of 35 and q.
7
Suppose -48 = 8*j - 192. Suppose -5*y + o + 130 = 0, -21 - 1 = -y + o. Calculate the greatest common factor of j and y.
9
Suppose 33 = 4*y - 5*r, -y + r = -0 - 8. What is the highest common factor of 3 and y?
1
Let a = -3 + 3. Let f = 3 + a. Suppose 0 = -g - f + 36. What is the highest common factor of 22 and g?
11
Suppose 3*q - 1 - 8 = 0. Let v = -3 + 4. Suppose 3*d = -4*w + 2*d + 10, -v = 3*w + 5*d. Calculate the highest common factor of w and q.
3
Let v(o) = 16*o - 5. Let h be v(10). What is the highest common factor of h and 31?
31
Let t(m) = -m - 2*m + 4*m + 2. Let o = 34 - 25. Let z be t(o). What is the greatest common divisor of z and 11?
11
Let d be 2/(-3)*(-6 - 0). Let n be d/(-14) - (-107)/7. What